nvert 566803 (base 9) to base 5.
41332021
Convert -741b4b (base 12) to base 15.
-261a0e
Convert -364528 (base 9) to base 4.
-311223110
What is -11111000100110111001101 (base 2) in base 16?
-7c4dcd
Convert 163250 (base 8) to base 6.
1133212
210001012021000 (base 3) to base 4
222222122202
What is -9a5241 (base 14) in base 3?
-100212011012121
What is 4010004140 (base 5) in base 2?
11110000110100011100010
-12101110101120 (base 3) to base 7
-33223065
-1cfa8 (base 16) to base 10
-118696
Convert -1341333 (base 6) to base 15.
-17593
Convert -256be (base 15) to base 12.
-592b2
What is -181962 (base 11) in base 15?
-58262
What is -88288 (base 10) in base 13?
-31255
-115067 (base 14) to base 11
-373350
What is 77381 (base 10) in base 7?
441413
What is 77762475 (base 8) in base 16?
ffe53d
Convert a1235 (base 14) to base 10.
387343
Convert 2552134 (base 9) to base 8.
5237566
Convert 3363110 (base 7) to base 5.
101400414
What is -111220202201 (base 3) in base 2?
-1000010111000001110
-13015 (base 10) to base 11
-9862
Convert 1101101001110011 (base 2) to base 4.
31221303
Convert -1261388 (base 11) to base 14.
-40b93d
What is -f224 (base 16) in base 14?
-1883a
1601514 (base 11) to base 15
391be8
-1310241 (base 7) to base 10
-170598
What is 312776 (base 9) in base 12?
8b636
Convert -101010002222221 (base 3) to base 14.
-9dd0a8
-1444a11 (base 11) to base 14
-488175
Convert 15551a (base 13) to base 4.
2000121333
101022002111 (base 3) to base 12
993a1
Convert 140231323 (base 5) to base 4.
2231230213
Convert 4143234 (base 5) to base 6.
1245241
11302222321 (base 4) to base 9
2763601
What is 8e1e4 (base 15) in base 12?
199b81
Convert -315a77 (base 12) to base 16.
-bdcbb
3340746 (base 8) to base 9
1623684
Convert -520212 (base 6) to base 16.
-a250
What is -668458 (base 10) in base 12?
-282a0a
Convert 21202340 (base 5) to base 7.
1342215
What is 102202033223 (base 4) in base 15?
65e9de
Convert 31300113000 (base 4) to base 2.
1101110000010111000000
Convert 13c855 (base 13) to base 2.
1110110010110011010
What is -8d7c (base 15) in base 7?
-153405
2144411240 (base 5) to base 8
21676613
What is -7213cc (base 13) in base 15?
-377cea
Convert 562c2 (base 16) to base 9.
587150
Convert 34622216 (base 7) to base 12.
102b842
Convert 313020210 (base 5) to base 15.
1a99a5
Convert 9868 (base 14) to base 7.
136561
What is -1413644 (base 7) in base 11?
-1197a5
78924 (base 15) to base 2
1011101100111001010
-49d04 (base 15) to base 8
-714434
-184b4 (base 12) to base 15
-a6b7
Convert 10101110111111011001 (base 2) to base 4.
2232333121
What is -513673 (base 8) in base 9?
-278064
-76e2f6 (base 16) to base 3
-112122211201112
Convert 1034131002 (base 5) to base 8.
10464427
What is -1212554 (base 6) in base 2?
-1111101010010110
Convert -20101102010 (base 3) to base 16.
-1eaf8
What is -2111121020 (base 3) in base 9?
-74536
What is -44370c (base 13) in base 9?
-3018600
Convert 6222607 (base 8) to base 3.
10002201122022
Convert 538105 (base 9) to base 7.
2504261
Convert -2e592f (base 16) to base 8.
-13454457
What is 29396 (base 11) in base 7?
232442
-601a9a (base 15) to base 14
-86a788
Convert -451460 (base 7) to base 11.
-54a69
101100010100111000000 (base 2) to base 11
9022a7
What is -131340444 (base 5) in base 10?
-652624
Convert -ba7ba3 (base 12) to base 6.
-143223523
What is a0878 (base 13) in base 14?
76885
3351511 (base 9) to base 7
21226420
-20240404 (base 6) to base 12
-240104
Convert -5ede5 (base 16) to base 2.
-1011110110111100101
-2d1541 (base 15) to base 9
-4084327
What is -1110423211 (base 5) in base 15?
-331bdb
Convert 110101111100111011100 (base 2) to base 12.
713110
What is -63674 (base 14) in base 3?
-110012020010
Convert -23f42b (base 16) to base 14.
-4549ab
Convert 1123131031 (base 4) to base 5.
43441410
-315050553 (base 6) to base 15
-74c08c
57622 (base 9) to base 12
1a292
d8964 (base 14) to base 5
113220322
9a2295 (base 12) to base 9
4544655
Convert -1011200 (base 4) to base 5.
-120243
Convert -136838 (base 12) to base 11.
-200417
Convert -20245 (base 14) to base 16.
-12de5
What is 125731 (base 10) in base 12?
60917
Convert 100201332 (base 4) to base 7.
401256
What is 3013451 (base 6) in base 2?
100010101100000111
3870835 (base 9) to base 7
23651201
What is 3114437 (base 8) in base 7?
10006042
What is -1020332 (base 5) in base 4?
-10021013
-11000110101101011 (base 2) to base 6
-2103003
1d751 (base 15) to base 7
550216
Convert 1bc49 (base 14) to base 7.
414022
What is 8c75b (base 14) in base 4?
1103123031
What is 100111011001100111 (base 2) in base 13?
585c1
What is -88041 (base 13) in base 15?
-4cdcc
What is -311322313 (base 4) in base 5?
-24031410
Convert -11100010111000101010 (base 2) to base 11.
-585239
Convert 28b0 (base 13) to base 10.
5889
4fda (base 16) to base 11
143a4
573903a (base 11) to base 9
20803725
674670 (base 10) to base 3
1021021110210
Convert 124221233 (base 5) to base 14.
120c44
215403 (base 10) to base 13
77076
Convert 445125 (base 8) to base 13.
53423
Convert 210553544 (base 6) to base 16.
383c08
What is 10142434213 (base 5) in base 9?
21705688
Convert -117312 (base 10) to base 8.
-345100
What is -100110001110010101 (base 2) in base 13?
-56356
-1011200000001 (base 3) to base 8
-2301300
What is 56a738 (base 12) in base 7?
14534315
Convert 10002120321 (base 4) to base 8.
4023071
-534161 (base 8) to base 10
-178289
Convert -179c54 (base 13) to base 7.
-5020061
Convert -9ac2 (base 14) to base 6.
-324110
100111001011110011 (base 2) to base 15
3284e
Convert 1b3647 (base 14) to base 15.
142581
Convert 31611 (base 8) to base 2.
11001110001001
-2235205 (base 8) to base 4
-2103222011
916a63 (base 14) to base 9
10183802
3234101000 (base 5) to base 15
9217ba
Convert -12002111001 (base 3) to base 16.
-18781
1111323243 (base 5) to base 7
26545461
-169247 (base 11) to base 2
-111111110000110001
Convert 17959 (base 10) to base 11.
12547
415002 (base 6) to base 4
20023022
176444 (base 13) to base 7
4654634
What is -598517 (base 16) in base 13?
-12a5485
Convert -111001100101110001011 (base 2) to base 10.
-1887115
-37933 (base 13) to base 5
-11241000
323366 (base 8) to base 9
174468
Convert -949427 (base 11) to base 6.
-52331231
Convert 27b99 (base 15) to base 2.
11111001000000110
-411533 (base 8) to base 12
-66877
-26154 (base 12) to base 8
-145520
Convert 6701753 (base 9) to base 10.
3603333
What is 105149 (base 12) in base 14?
69c93
Convert 22b629 (base 14) to base 8.
4410205
-1a1ac (base 16) to base 5
-11410144
What is 11470757 (base 8) in base 5?
1121111120
What is -230231031 (base 4) in base 14?
-4aa3b
Convert 111211102020 (base 3) to base 16.
4275c
Convert -216436 (base 7) to base 5.
-2211141
41c7b5 (base 15) to base 9
5801048
Convert -102303002003 (base 4) to base 9.
-10240372
Convert 2579182 (base 10) to base 2.
1001110101101011101110
What is 205aa (base 13) in base 14?
17267
What is -4792502 (base 10) in base 13?
-cba500
What is 32258e (base 16) in base 2?
1100100010010110001110
Convert 151124225 (base 6) to base 9.
5811468
Convert -22234333 (base 5) to base 10.
-196218
-25dbd (base 15) to base 13
-43243
What is -2d0077 (base 14) in base 4?
-12000203321
Convert 1550240 (base 6) to base 15.
1c45c
Convert 99b3d2 (base 15) to base 3.
111210022010022
-19a8 (base 13) to base 12
-2294
1b3864 (base 14) to base 9
1737877
What is -a84329 (base 11) in base 4?
-12213023230
282c (base 14) to base 7
26455
-201220212011112 (base 3) to base 11
-5a80a07
Convert 153155123 (base 6) to base 11.
190a272
Convert -3841555 (base 11) to base 3.
-110112112210220
Convert -c46dc (base 14) to base 7.
-4010665
Convert 181522 (base 10) to base 6.
3520214
Convert -125a1 (base 11) to base 3.
-220201101
What is 51674 (base 11) in base 8?
223117
Convert -776458 (base 9) to base 12.
-1a4645
What is -202202022200 (base 3) in base 14?
-a8c0a
What is -1132020132 (base 4) in base 6?
-12133010
3534517 (base 8) to base 5
221334233
3234012 (base 7) to base 2
1100000011110001001
Convert 15502430 (base 7) to base 4.
11231122112
-11164220 (base 8) to base 15
-32ba57
Convert -10010011111101100110 (base 2) to base 4.
-2103331212
What is -2732757 (base 8) in base 16?
-bb5ef
What is -5205040 (base 6) in base 14?
-67128
What is 27330704 (base 9) in base 13?
2a41278
9122a6 (base 11) to base 14
2a2944
What i